 are the prime factors of s?
2
Let b(r) = -5*r + 52. Let k(g) = -11*g + 104. Let v(x) = 5*b(x) - 2*k(x). List the prime factors of v(0).
2, 13
Suppose -29*w - 20 = -30*w. Suppose 0 = 5*r + w, -4*r + 36 = 2*b - 0*b. List the prime factors of b.
2, 13
Let t be (-162)/5 - 18/30. Let u = t + 38. Suppose 5*k = y - u*y + 354, 2*y = -5*k + 352. What are the prime factors of k?
2, 5, 7
Suppose -104 = 7*q - 328. Suppose 10*z - q = 578. List the prime factors of z.
61
Suppose 246 = -0*l + 3*l. Let q = -51 + l. What are the prime factors of q?
31
Let i = 118 + 39. Suppose 4*v - 203 = i. List the prime factors of v.
2, 3, 5
Suppose 19*x = 18994 - 868. List the prime factors of x.
2, 3, 53
Let i = 4021 - -107. List the prime factors of i.
2, 3, 43
Let l be 2/(((-8)/5)/4). Let x = l - -10. Let j(u) = 8*u - 2. What are the prime factors of j(x)?
2, 19
Let h(v) = -8*v**3 + 1. Let w be h(1). Let s(j) be the third derivative of -j**5/60 - 3*j**4/8 + 3*j**3/2 - 4*j**2. List the prime factors of s(w).
23
Suppose -j + 3*x + 0 + 10 = 0, 0 = -j - 4*x - 4. Suppose -5*t - 15 = 0, -t = -j*l + t - 14. Let s(m) = m**2 - 2. List the prime factors of s(l).
23
Suppose 4*j - 4*n - 1948 = 0, 9*j - 4*j - n = 2455. List the prime factors of j.
2, 3, 41
Let f = -39 - -49. Suppose o = f*o - 414. List the prime factors of o.
2, 23
Let m = -17 + 23. Suppose m*x = 8*x - 316. Let d = -86 + x. What are the prime factors of d?
2, 3
Let p = -674 + 1583. List the prime factors of p.
3, 101
Let h = -1 + 3. Suppose 3*o - 2*o = h*x + 72, -4*o + x + 288 = 0. List the prime factors of o.
2, 3
Suppose -16*b + 8*b = -1464. What are the prime factors of b?
3, 61
Suppose -4*u + 7000 = 4*j, 4*j - 6216 = 3*u + 756. What are the prime factors of j?
2, 3, 97
Suppose -2*m - 8124 = -8*f + 3*f, 3*f + 4*m - 4864 = 0. Suppose -5*w + f = 2*j, 0 = -2*w - j + 378 + 272. What are the prime factors of w?
2, 3
Let r = -119 + 219. List the prime factors of r.
2, 5
Suppose t + 5 = -0*t + i, i + 9 = -t. Let p = 20 - t. Suppose 3 = 5*y - p. List the prime factors of y.
2, 3
Let c = -971 + 2947. List the prime factors of c.
2, 13, 19
Let u = -3 + 7. Suppose 4*y - y - g - 7 = 0, -5*y = u*g - 40. Suppose y*l + 5*w = l + 22, 5*l + 5*w = 30. What are the prime factors of l?
2
Suppose -5*r - 4*u - 92 = 0, 2*r + 0*u = 3*u - 23. List the prime factors of r/(-136) - 1322/(-34).
3, 13
Let k(r) = 22*r**2 + 13*r + 3. Let g be k(9). Suppose -g = -8*d + 10. List the prime factors of d.
239
List the prime factors of 3/(-2) + ((-9398)/(-4) - -11).
7, 337
Let j = 7498 + -3680. List the prime factors of j.
2, 23, 83
Let z(c) = -c**3 + 9*c**2 - 8*c - 12. Let i(v) = v**3 - 5*v**2 + 6*v - 1. Let n be i(4). List the prime factors of z(n).
2, 3, 5
Suppose 4*x = -3*b - 171 + 441, -5*b - 4*x + 450 = 0. Let p = b - 18. Suppose -3*j = -0*j - p. List the prime factors of j.
2, 3
List the prime factors of (-618)/(3 + -6 + 1).
3, 103
Suppose -4*n = -0 - 8. Let c(r) = -n*r - r**3 + 6 - 2*r - 2*r + 13*r**2 - 6*r**2. List the prime factors of c(5).
2, 13
Let w = 21 - 54. List the prime factors of 6/(-3 + w/(-9)).
3
Let i be (6/(-8))/(9/252). List the prime factors of ((-7)/i)/(3/513).
3, 19
Let l(c) = c**2 - 10*c + 6. Let a be l(7). List the prime factors of a/10*12/(-9).
2
Let n(l) = 69*l**2 - 3*l + 3. List the prime factors of n(3).
3, 5, 41
Suppose 5*n - 12*n + 1477 = 0. Suppose -3*f - 4*s = -0*s - n, 4*f + 5*s = 283. List the prime factors of f.
7, 11
Suppose -5*o + 1499 = -d, -5*o + 4*d + 455 = -1056. List the prime factors of o.
13, 23
What are the prime factors of ((-1795)/3)/((-1)/6)?
2, 5, 359
Let q(j) = 25*j**2 + 3*j - 2. Let b be q(1). Suppose u - 157 - b = -4*a, -a + 50 = -4*u. List the prime factors of a.
2, 23
Let m(c) = c**3 - 5*c**2 + 4*c - 2. Let t be m(3). Let b be (t/10)/(6/60). What are the prime factors of (18/7)/(b/(-56))?
2, 3
Suppose 104 = 3*b + 10*b. Let z be (1*-10)/((-3)/(-6)). List the prime factors of (-112)/z - b/(-20).
2, 3
Let a(b) = -b**3 - 9*b**2 + 34*b + 19. List the prime factors of a(-12).
43
Suppose 4*w + 2*c = -7 - 1, -4*w + 5*c = -20. Suppose 3*x - 2*x - 4*y - 22 = w, 0 = 4*y - 20. Suppose 4*n - 2*n - x = 0. List the prime factors of n.
3, 7
Suppose 2*n - 345 = 99. Suppose 0*y + 3*y - n = 0. List the prime factors of y.
2, 37
Let s(k) = 11*k**2 + 3*k + 2. Let a = 2 - -2. Let o be s(a). Suppose 3*w - 8*w + o = 0. What are the prime factors of w?
2, 19
Suppose 0 = 7*d - 6*d. Suppose -g + 5*k + 3 + 63 = d, 0 = -5*k - 10. What are the prime factors of g?
2, 7
What are the prime factors of ((-1548)/(-9))/((3/(-42))/(-1))?
2, 7, 43
Suppose 2*r - 27 = -3*l - 2*r, 5*l = -r + 45. Suppose -i + 65 - l = 0. What are the prime factors of i?
2, 7
Let x(z) = 35*z - 19. Suppose -4*g = -16, y + 6*g - g - 27 = 0. List the prime factors of x(y).
2, 113
Suppose 2*w + w = t + 9367, 0 = -w - 3*t + 3139. Let c = w - 5940. What are the prime factors of c/(-55) - 1/5?
3, 17
Let z be (22 + 0)/(-3 + 5). Suppose 7*r = z*r. Suppose -g + 67 = 2*x, 2*g = -r*g + 4*x + 94. What are the prime factors of g?
3, 19
Let r(y) = 5*y - 19. Let o be r(7). What are the prime factors of o/40 - 263/(-5)?
53
Let h(w) = -w**3 + 12*w**2 - w + 17. Let o be h(12). Suppose p - 4*f = 70, o*p - 2*p - 2*f = 260. List the prime factors of p.
2, 3, 5
Suppose 0 = 10*s + 83 + 7. Let k(a) = 2*a**2 - 13*a - 29. What are the prime factors of k(s)?
2, 5
List the prime factors of 9/6*984/4.
3, 41
Let x(c) = -c**3 - 5*c**2 - 16*c - 10. List the prime factors of x(-6).
2, 61
List the prime factors of (-5)/(30/148)*-30.
2, 5, 37
Let g = -1760 - -2540. List the prime factors of g.
2, 3, 5, 13
Let i = 7605 + -5015. List the prime factors of i.
2, 5, 7, 37
Suppose 2*g = -2*b + 6, -4*b = -3*b - 1. Suppose 10 = t + 4*c, 4*t - 7*c + g*c = -2. What are the prime factors of t - 5/((-20)/16)?
2, 3
Let q(n) = n**2 + 2*n + 3. Let c be q(-3). Let i = 3 - c. Let j(p) = 4*p**2 + 2*p - 1. List the prime factors of j(i).
29
What are the prime factors of ((-14646)/(-60) + 13)*10?
3, 857
Let i be 1298/13 - 40/(-260). Let p = i - 37. What are the prime factors of p?
3, 7
Suppose -5*i - 10 + 30 = 0. Suppose 0 = -2*y + 6*y - 2*r - 298, -y + 52 = i*r. List the prime factors of y.
2, 3
Suppose 104 = -0*d + 4*d. Let y = 1 + d. Let r = y - 8. What are the prime factors of r?
19
What are the prime factors of 16/(-32) - (-11745)/6?
19, 103
Suppose 4*p + p + 5 = 0. List the prime factors of p + (0 + -107)/(-1).
2, 53
Let r be (1*42)/2*56/24. Suppose y = 85 + r. What are the prime factors of y?
2, 67
Let k be (-5 + 1)/(24/(-36)). Let c = k + 12. Suppose n - c = -n. List the prime factors of n.
3
Let v = -33 + 1. Let h = v + 41. What are the prime factors of h?
3
Let c be 273/28 - 6/8. Suppose 0 = -7*f + c*f - 16. What are the prime factors of f?
2
Suppose -7*f + 4*w + 13606 = -4*f, 3*f - 2*w - 13610 = 0. List the prime factors of f.
2, 2269
Suppose -4*u - 4*j - 307 = -7*u, -3*j = u - 111. Let v = u + -69. Suppose 3*a + v = 5*a. What are the prime factors of a?
2, 3
Suppose -2*f = 3 - 19. Let m(x) = -x**2 + 18*x - 22. List the prime factors of m(f).
2, 29
Let n be 2*(60/8 + 3). Suppose 4*x = -15 - n. List the prime factors of (x/(-6))/((-6)/(-16)).
2
Suppose -3*k = 4*s - 494 - 638, -2*k = -s - 773. What are the prime factors of k?
2, 3
Let i(l) = l**2 - 3*l - 7. Let g be i(4). List the prime factors of 402/9 + 2/g.
2, 11
Let d(r) = r**3 + r**2 + 5*r - 6. Let m be d(6). Let o = m + -118. List the prime factors of o.
2, 79
List the prime factors of (-6)/(-63) - 56612/(-42).
2, 337
Let w(s) = -2291*s**3 + 3*s**2 + 2*s - 1. List the prime factors of w(-1).
29, 79
Suppose 2*x + 2*l - 148 - 354 = 0, -5*x + 5*l = -1295. What are the prime factors of x?
3, 5, 17
Let o(f) = -2*f - 1. Let t be o(-6). Let u = t - 27. List the prime factors of ((-42)/(-4))/(u/(-64)).
2, 3, 7
Let z = -389 + 1150. Let b = z + -523. List the prime factors of b.
2, 7, 17
Suppose x - 70 = 5*h, 11 = x + h - 41. List the prime factors of x.
5, 11
Let z(m) = m + 1. Let l(t) = 60*t + 15. Let h(n) = -l(n) + 3*z(n). List the prime factors of h(-5).
3, 7, 13
Suppose -5*w + 2*w = t - 134, -3*t = 5*w - 394. List the prime factors of t.
2
Suppose -3*f + 1825 = 4*i + 312, 4*f = -4*i + 2020. What are the prime factors of f?
3, 13
Suppose 2*z 